-10
Suppose -3*c + 32 = -2*l, -3*l + 4*c - 21 - 26 = 0. Let d = -13 - l. Let q(k) = -k**3 - k**2 + k. Calculate q(d).
0
Let f(k) = 37 + 0*k**3 + 3*k**2 - k**3 - 36. Suppose -2*q = -4*a - 20, 3*a + 8 + 28 = 5*q. Suppose 25 = 3*h - 4*m, -m + 2 - q = 0. Calculate f(h).
1
Let o(q) = -5*q**3 + 4*q**2 + 10. Let n(x) = 6*x**3 - 4*x**2 + x - 11. Let f(v) = 4*n(v) + 5*o(v). Let j be (12/(-24))/((-2)/20). Calculate f(j).
1
Let s(w) be the second derivative of -w**3 - 35*w + 0 + 1/20*w**5 - 1/4*w**4 + 2*w**2. Determine s(4).
-4
Let r(p) = p + 0 - 5 + 1 - 1. Let a be r(7). Suppose -3*o + 4*o = a. Let i(g) = -g + 4. What is i(o)?
2
Suppose 4*c + 3*n - 25 = 23, 4*n + 20 = 4*c. Suppose 3*w + c = 45. Let r(x) = w*x**2 + 2 + 0 - 11*x**2 - 10*x. Give r(9).
-7
Let a be (4 + -2)*183/122. Let p(x) = x**3 - 2*x**2 - 2*x + 1. Give p(a).
4
Suppose -26*b - 727 = -623. Let m(p) = 7*p + 12. Give m(b).
-16
Let d(y) = -y + 2. Let v be (69 - (0 + -5)) + (0 - 1). Suppose -v + 76 = o. Calculate d(o).
-1
Let u(f) be the second derivative of -23*f**3/6 + f**2/2 - 234*f. Calculate u(1).
-22
Let j(y) = -5*y + 65. Let a be j(14). Let k(b) = -b**3 - 7*b**2 - 2*b + 4. Let s(x) = -x**3 - 7*x**2 - 3*x + 4. Let i(g) = a*k(g) + 4*s(g). Calculate i(-7).
10
Suppose 0 = -4*h - 4*m, 2 = -5*m + 4*m. Let w(r) = -10*r**2 + 6*r + 2. Let a(n) = 23*n**2 - 13*n - 5. Let f(z) = -3*a(z) - 7*w(z). What is f(h)?
-1
Let u(v) = v**2 + 15*v - 7. Let o(t) = -t**2 - 19*t + 7. Let f(l) = 2*o(l) + 3*u(l). Determine f(-9).
11
Let s(a) be the second derivative of 7*a**3/6 - 995*a. Give s(-1).
-7
Let f(m) = 0*m**2 + m**3 - 6 + 2*m**2 + 0*m**2 - 5*m. Let a be f(-4). Let p be 94/a - 2/(-9). Let w(g) = -g**3 - 6*g**2 - 2*g + 6. Give w(p).
-9
Let v(m) = 25*m. Let b(l) = -2*l**3 - 14*l**2 - 1. Let a be b(-7). Calculate v(a).
-25
Let p(o) = -o**2 + 7*o + 12. Let h be p(8). Suppose -h = -4*m, 2*m + 0 = y + 2. Let f(t) be the first derivative of -t**4/4 + t**2/2 - 10*t - 1. What is f(y)?
-10
Let m(z) = z**2 - 9*z + 14. Let d be m(7). Suppose -4*r - 2*g + 42 - 12 = d, -11 = -r + 3*g. Let x(f) = f - 8. What is x(r)?
0
Let j(m) = -2*m**2 + 18*m + 4. Let x be j(9). Suppose -h - 4*h = -10. Let l(s) = x*s + 2*s - s - 3*s**h + 2*s**2. Determine l(4).
4
Let q(r) = -5*r - 1. Let k be q(-1). Suppose 5*a - v = 11 + 13, k*v = -4*a + 24. Let t(z) = z + 3 + a*z**2 - z**3 + 7 + z - 13. Give t(5).
7
Let m(a) = 3 - 2 + 4*a + 2. Let o be 6/4*(-568)/426. Give m(o).
-5
Let p(c) = 10*c**2 - 10*c - 28. Let j(h) = -3*h**2 + 3*h + 9. Let u(n) = 7*j(n) + 2*p(n). Let g = -125 - -130. What is u(g)?
-13
Let m(u) = 7*u + 20. Let g(a) = a + 2. Let j(b) = -6*g(b) + m(b). Determine j(-10).
-2
Let p(h) be the third derivative of -h**5/60 + h**4/4 - h**3/3 + 4*h**2. Let l(r) = -r**2 + 0*r**2 + 9*r + 0 - 10. Let o be l(7). Determine p(o).
6
Let u(g) = 3*g**3 + g**2 + 2*g + 4. Let t(i) = i**2 + i + 2. Let b(y) = -2*t(y) + u(y). Let c be (-30)/(-10)*(-1)/(-3). Give b(c).
2
Let w(t) = 3*t**2 + 3*t + 4. Let z(f) = -7*f**2 - 5*f - 9. Let p = -4 - -9. Let u(r) = p*w(r) + 2*z(r). Give u(-4).
-2
Let k(h) = h**3 - 19*h**2 + 4*h - 78. Let r be k(19). Let z(t) = t**3 + 2*t**2 - t - 1. Determine z(r).
1
Let k(n) = -n**3 + 2*n**2 + 3*n - 3. Let g = -62 - -65. Let x be k(g). Let r(j) = 2*j**2 + 5*j + 2. Give r(x).
5
Let y(q) = -9*q**3 + 19*q**2 + q - 11. Let m(u) = 5*u**3 - 10*u**2 - u + 6. Let k = 85 + -79. Let g(w) = k*y(w) + 11*m(w). Calculate g(-5).
0
Suppose 0 = -4*x + 4*w + 12, -13 = 23*x - 28*x + 4*w. Let f(a) = -15*a**3 - 2*a**2 + 1. Calculate f(x).
-16
Let f(y) = 2 - 3 - 2*y**2 - 2*y + y**2 - 2*y**3 + y. Let w be 2/(4/(-1 - -3)). Suppose 0 = b - 0*b + w. Calculate f(b).
1
Let q(x) = x**3 + 7*x**2 + 8*x + 2. Let r be q(-6). Let y = 13 + r. Let k = y + -3. Let z(i) = -i**2 + i - 2. What is z(k)?
-2
Let z(v) = -7*v**3 - 5*v**2 + 12*v. Let j(g) = -12*g**3 - 9*g**2 + 22*g. Let b(i) = 6*j(i) - 11*z(i). Calculate b(1).
6
Let v(r) be the second derivative of -r**3/2 - 3*r**2 + 215*r. What is v(-3)?
3
Let p be ((0 - 2) + 3)*-1. Suppose 0 = 2*y - 4*y + 4. Let j(v) = 1 - 7*v + 0*v**y - 3*v**2 - 3*v**2 + 8*v. What is j(p)?
-6
Let p(b) = b**2 - 6*b - 11. Suppose 0 = 3*m - 3*y - 15, 0 = -4*m + y - 2*y + 25. Determine p(m).
-11
Let x(t) be the third derivative of -t**6/120 + 7*t**5/30 - t**4/2 - 13*t**3/6 + 75*t**2. Give x(13).
0
Let p(f) = f**3 - 4*f**2 + 2. Let x = -722 - -727. Give p(x).
27
Let r(i) be the third derivative of i**6/360 - i**5/30 + i**4/24 - 6*i**2. Let p(a) be the second derivative of r(a). Let s = -14 - -18. Determine p(s).
4
Let n(b) = -b + 1. Let l(g) = 3*g**2 + 3*g - 3. Suppose 77*s = 74*s - 3. Let k(h) = s*l(h) - 4*n(h). Calculate k(1).
-3
Let i = 25 - -8. Suppose -4*a = 9 - i. Let w(o) = 4*o + 3*o + 2*o - a*o. What is w(4)?
12
Let x(r) = r**2. Let s = 17 - 18. Let j(h) = h**2 + h. Let q(g) = s*j(g) + 2*x(g). Give q(4).
12
Let g(k) = -10*k**2 + k. Suppose -m = m - 6. Suppose w + 4*o = 2*o + 16, -2*w = -m*o + 3. Let b = -5 + w. Give g(b).
-9
Let f(d) = -d**2 - d + 1. Let m(a) be the second derivative of -a**4/4 - 2*a**3 + 7*a**2/2 + 3*a - 1. Let y(x) = 4*f(x) - m(x). Give y(8).
-3
Suppose -6*t + t - 65 = 0. Let n(p) = -p**3 - 12*p**2 + 13*p - 3. Determine n(t).
-3
Let a(u) = -u**3 - 2*u**2 + 6*u + 3. Let x(o) = -o - 10. Let y be x(-6). Let h = y - -23. Let q = -23 + h. What is a(q)?
11
Let s be (54/(-12))/(18/(-96)). Let g be (-8)/(-1) - 2/1. Let l(i) = -7 + i + s - g. Calculate l(-5).
6
Let a(c) = -11*c + 26. Let v(y) = -5*y + 15. Let j(u) = 4*a(u) - 9*v(u). Give j(0).
-31
Let n(g) = 17*g - 4 - 12*g - 6*g + 2. What is n(12)?
-14
Let i(h) = 7 - 10*h - 2*h**2 + 3*h**2 - 1 - 1. Let c = 122 + -112. Let o be i(c). Let m(f) = 2*f - 6. Give m(o).
4
Suppose 3*m = -15, 46*k - 49*k + 3*m - 27 = 0. Let x(f) = f + 11. Give x(k).
-3
Let j(t) = 7*t**3 - 4*t**2 + 16*t + 15. Let m(o) = 4*o**3 - o**2 + 8*o + 8. Let a(k) = -3*j(k) + 5*m(k). Determine a(6).
-17
Let u(y) = 5*y - 3*y - 2*y + 2*y + 2 - 4*y. What is u(2)?
-2
Let w = -512 + 929. Suppose -2*f = 3*f - 4*q + w, 4*f + 2*q + 344 = 0. Let r be 95/f - (-4)/34. Let c(b) = -8*b**3 + b**2. Calculate c(r).
9
Suppose 25*k + 4 = 26*k. Let p(u) = -u**3 + 4*u**2 + 2*u - 3. Calculate p(k).
5
Let k(r) = 9 + 3*r + 0 - 7*r + 4 + 3*r. Calculate k(5).
8
Let v(w) = 10*w**3 + 2*w**2 + 2*w + 1. Let z(j) = j**3 - 7*j**2 + 6*j - 1. Let y be z(6). Give v(y).
-9
Let r(h) = h - 10. Suppose -z - 684 + 180 = -5*g, -3*g + 280 = 5*z. Let p = g - 95. Determine r(p).
-5
Suppose -y + 8 + 16 = 4*t, -4*y = 2*t - 26. Suppose q + 11 = y. Let g = -3 - q. Let d(n) = n**2 - 2*n + 1. What is d(g)?
9
Let j(p) be the first derivative of p**3 - p + 2. Let b be j(1). Let z(n) = -4*n - 3. Let k(u) = -9*u - 7. Let t(m) = -3*k(m) + 7*z(m). What is t(b)?
-2
Let y(g) = 3*g. Let d(p) = p**3 - 15*p**2 + 54*p + 7. Let z be d(7). What is y(z)?
-21
Let t(s) be the first derivative of 3*s**2/2 + s + 54. Let k be t(0). Let o(q) = -q**3 - q**2 + 2*q - 1. Calculate o(k).
-1
Suppose -20 = 8*c - 4*c. Let n(a) be the third derivative of a**6/120 + a**5/15 - a**4/4 - a**3/2 - a**2 - 344*a. Give n(c).
2
Let y(a) = -4*a**3 - 13*a**2 - 9*a + 13. Let d(v) = -v**3 - 3*v**2 - 2*v + 3. Let m(t) = 18*d(t) - 4*y(t). Calculate m(-2).
10
Let j(s) = -s + 7. Suppose -45 = 6*n + 3. Let d be -5 - 76/n - 2/(-4). Determine j(d).
2
Suppose -3*d - 1 = -5*x + 11, 0 = 3*x. Let v(i) = -2*i - 5. Determine v(d).
3
Let t = -28 + 38. Suppose z = -z - t. Let u(p) = p**3 + 6*p**2 + 4*p + 3. What is u(z)?
8
Let z(p) = -p**2 - p + 31. Let f be 2 + (-1)/(42/12 - 3). What is z(f)?
31
Let t(u) be the first derivative of u**3/3 + u**2/2 - u + 33. Let v be (0 - -2) + -1 - -1. Determine t(v).
5
Let z(r) = -315443*r**3 - 7 + 0*r**2 - 3*r**2 - 4*r + 315442*r**3. Give z(-3).
5
Let i(a) = -a**2 + 6*a - 1. Let x = 36 + -31. Give i(x).
4
Let m(r) = 9*r + 3. Let l = -378 - -377. What is m(l)?
-6
Let y(i) = -i**3 - i - 2. Let c(d) = 17*d + 1. Let x be c(2). Let h = x - 35. Determine y(h).
-2
Suppose -3*a = -q - 2*q + 9, 3*a = 2*q - 2. Suppose -35 = -6*n + q. Let r(t) = t**2 - 9*t + 10. What is r(n)?
-4
Let q(y) = y + 4. Let l be q(-3). Let v(i) = -13*i**2 + 3*i + 2. Let j(s) = -15*s + 27*s - 13*s + 6*s**2 - 1. Let r(w) = -5*j(w) - 2*v(w). Give r(l).
-4
Let r be (-24)/20*((-80)/6)/(-2). Let m = r + 4. Let p(g